{"id":110,"date":"2020-04-16T14:05:32","date_gmt":"2020-04-16T17:05:32","guid":{"rendered":"https:\/\/segredodediva.com.br\/?page_id=110"},"modified":"2020-04-16T14:05:34","modified_gmt":"2020-04-16T17:05:34","slug":"sobre","status":"publish","type":"page","link":"https:\/\/segredodediva.com.br\/?page_id=110","title":{"rendered":"Sobre"},"content":{"rendered":"\n<p>Sobre o blog Segredo de Diva ele \u00e9 escrito por mim Ellen Marques, tenho 35 anos , sou casada n\u00e3o tenho filhos. Sou formada em Gest\u00e3o Comercial , atualmente atuo como empresaria na minha loja virtual Segredo de Diva que \u00e9 uma loja de acess\u00f3rios femininos pensada para atender mulheres que vivem de forma independente e autentica  real\u00e7ando o que h\u00e1 de melhor em cada mulher.<\/p>\n","protected":false},"excerpt":{"rendered":"<p>Sobre o blog Segredo de Diva ele \u00e9 escrito por mim Ellen Marques, tenho 35 anos , sou casada n\u00e3o tenho filhos. Sou formada em Gest\u00e3o Comercial , atualmente atuo como empresaria na minha loja virtual Segredo de Diva que \u00e9 uma loja de acess\u00f3rios femininos pensada para atender mulheres que vivem de forma independente &hellip; <\/p>\n","protected":false},"author":1,"featured_media":0,"parent":0,"menu_order":0,"comment_status":"closed","ping_status":"closed","template":"","meta":{"spay_email":"","footnotes":""},"yoast_head":"<!-- This site is optimized with the Yoast SEO plugin v15.0 - https:\/\/yoast.com\/wordpress\/plugins\/seo\/ -->\n<title>Sobre - Segredo de Diva<\/title>\n<meta name=\"robots\" content=\"index, follow, max-snippet:-1, max-image-preview:large, max-video-preview:-1\" \/>\n<link rel=\"canonical\" href=\"https:\/\/segredodediva.com.br\/?page_id=110\" \/>\n<meta property=\"og:locale\" content=\"pt_BR\" \/>\n<meta property=\"og:type\" content=\"article\" \/>\n<meta property=\"og:title\" content=\"Sobre - Segredo de Diva\" \/>\n<meta property=\"og:description\" content=\"Sobre o blog Segredo de Diva ele \u00e9 escrito por mim Ellen Marques, tenho 35 anos , sou casada n\u00e3o tenho filhos. Sou formada em Gest\u00e3o Comercial , atualmente atuo como empresaria na minha loja virtual Segredo de Diva que \u00e9 uma loja de acess\u00f3rios femininos pensada para atender mulheres que vivem de forma independente &hellip;\" \/>\n<meta property=\"og:url\" content=\"https:\/\/segredodediva.com.br\/?page_id=110\" \/>\n<meta property=\"og:site_name\" content=\"Segredo de Diva\" \/>\n<meta property=\"article:modified_time\" content=\"2020-04-16T17:05:34+00:00\" \/>\n<meta name=\"twitter:card\" content=\"summary_large_image\" \/>\n<script type=\"application\/ld+json\" class=\"yoast-schema-graph\">{\"@context\":\"https:\/\/schema.org\",\"@graph\":[{\"@type\":\"WebSite\",\"@id\":\"https:\/\/segredodediva.com.br\/#website\",\"url\":\"https:\/\/segredodediva.com.br\/\",\"name\":\"Segredo de Diva\",\"description\":\"Real\\u00e7ando o seu melhor\",\"potentialAction\":[{\"@type\":\"SearchAction\",\"target\":\"https:\/\/segredodediva.com.br\/?s={search_term_string}\",\"query-input\":\"required name=search_term_string\"}],\"inLanguage\":\"pt-BR\"},{\"@type\":\"WebPage\",\"@id\":\"https:\/\/segredodediva.com.br\/?page_id=110#webpage\",\"url\":\"https:\/\/segredodediva.com.br\/?page_id=110\",\"name\":\"Sobre - Segredo de Diva\",\"isPartOf\":{\"@id\":\"https:\/\/segredodediva.com.br\/#website\"},\"datePublished\":\"2020-04-16T17:05:32+00:00\",\"dateModified\":\"2020-04-16T17:05:34+00:00\",\"inLanguage\":\"pt-BR\",\"potentialAction\":[{\"@type\":\"ReadAction\",\"target\":[\"https:\/\/segredodediva.com.br\/?page_id=110\"]}]}]}<\/script>\n<!-- \/ Yoast SEO plugin. -->","_links":{"self":[{"href":"https:\/\/segredodediva.com.br\/index.php?rest_route=\/wp\/v2\/pages\/110"}],"collection":[{"href":"https:\/\/segredodediva.com.br\/index.php?rest_route=\/wp\/v2\/pages"}],"about":[{"href":"https:\/\/segredodediva.com.br\/index.php?rest_route=\/wp\/v2\/types\/page"}],"author":[{"embeddable":true,"href":"https:\/\/segredodediva.com.br\/index.php?rest_route=\/wp\/v2\/users\/1"}],"replies":[{"embeddable":true,"href":"https:\/\/segredodediva.com.br\/index.php?rest_route=%2Fwp%2Fv2%2Fcomments&post=110"}],"version-history":[{"count":1,"href":"https:\/\/segredodediva.com.br\/index.php?rest_route=\/wp\/v2\/pages\/110\/revisions"}],"predecessor-version":[{"id":111,"href":"https:\/\/segredodediva.com.br\/index.php?rest_route=\/wp\/v2\/pages\/110\/revisions\/111"}],"wp:attachment":[{"href":"https:\/\/segredodediva.com.br\/index.php?rest_route=%2Fwp%2Fv2%2Fmedia&parent=110"}],"curies":[{"name":"wp","href":"https:\/\/api.w.org\/{rel}","templated":true}]}}